t).
6
Suppose -4*p - 7*p = -121. Suppose 0*l = p*l - 44. Let d(h) be the second derivative of -h**5/20 + h**4/3 - h**3/2 + 3*h**2 + h. Give d(l).
-6
Let s(p) = -3*p**2 + 1. Let u be 2*(-3)/(-6)*-10. Let t = 7 + u. Let g = t - -4. Calculate s(g).
-2
Let j(h) = -h**3 + 4*h**2 - 5*h + 3. Let u(k) = -k**2 + 3. Let r(p) = -p**2 - 2*p - 1. Let i = -9 + 8. Let a be r(i). Let c be u(a). Determine j(c).
-3
Suppose -c = 8 + 6. Let n = -15 - c. Let j(y) = -6*y**2 + 2*y + 1. Let z(x) = -7*x**2 + 3*x + 1. Let f(b) = -3*j(b) + 2*z(b). Give f(n).
3
Let w be -4*(-1 - 4/(-8)). Let v(u) = u**3 - 707*u**2 - 3 - 2*u**3 + 713*u**w - 3*u. Give v(4).
17
Suppose 15 = 5*x, x + 6 - 17 = -4*b. Suppose 16 = -2*y + 4*u, 14 = 4*y + 5*u - 19. Let g(p) = 2*p + 2 - 2*p**b - p**3 + y*p - p**2 + 0*p. Give g(-4).
2
Let w(d) = d**3 - 2*d**2 + 3*d. Let s(o) = -2*o - 6. Let u(t) = -2*t - 2. Let y be u(1). Let p be s(y). Determine w(p).
6
Let w(t) be the first derivative of -t**6/40 + t**5/60 - t**3/6 + 17*t**2 - 16. Let n(r) be the second derivative of w(r). Give n(1).
-3
Let h(u) = -u**2 + 23*u - 15. Let k be h(22). Let c(b) = b + 1. Let p be c(1). Let o(z) = k*z - 7*z + z**p + z + 3. Calculate o(0).
3
Let j(o) = 36*o + 14. Let w(v) = -7*v - 3. Let s(f) = -3*j(f) - 14*w(f). Suppose 3*g + 24*y - 20*y = -15, -4 = -2*g + 2*y. What is s(g)?
10
Let m(l) = 3*l**2 + 47*l - 17. Let s be m(-15). Let v = s + 47. Let p(i) = -i + 24. What is p(v)?
24
Let g(p) be the first derivative of -p**5/5 - p**4/12 + p**3/6 + 45*p**2/2 - 9. Let m(z) be the second derivative of g(z). Give m(1).
-13
Let g be ((-2)/8)/((-38)/(-456)). Let q(z) = -z**2 - 3*z + 4. Calculate q(g).
4
Let s = -28 + 28. Let z(g) = -5*g**3 + g**2 + g + 1. Let c be z(-1). Let b(o) = -4*o**3 - 3*o**3 + 1 + c*o**3 + o. Give b(s).
1
Let v(q) = -5*q**2 + 3*q - 4. Suppose 9*i - 3*i = 36. Let f(c) = c**2 - c + 1. Let m(s) = i*f(s) + v(s). What is m(4)?
6
Let r(x) be the second derivative of -1/3*x**3 + 0 + 1/20*x**5 + 3/2*x**2 + 11*x + 1/6*x**4. Determine r(-3).
0
Suppose -2*w - 2*l + 3 = -5, -w + 5*l = 8. Let u(r) = 7 - 8*r**w + 2*r - 9*r + 0*r - r**3. What is u(-7)?
7
Let k(f) be the first derivative of f**3/3 - 15*f**2/2 + 3*f - 42. Calculate k(15).
3
Let j(w) = 12*w - 5*w - 3 + 5 - 11*w + w**2. Determine j(4).
2
Let t(r) = 5. Suppose -3*n = -s + 3, 17 + 8 = -5*s - 5*n. Let v(f) = -f + 11. Let h(j) = s*v(j) + 5*t(j). Calculate h(6).
10
Let c(k) = -k. Let n be c(-6). Let u(m) be the third derivative of 0*m + 7*m**2 + 4/3*m**3 - 1/24*m**4 + 0. Determine u(n).
2
Let w = 5457 + -5467. Let q(d) = -2*d + 20. Let p(x) = -x + 1. Let b(z) = -5*p(z) + q(z). Give b(w).
-15
Suppose -a + 2*f = 2*a - 12, 0 = 4*f + 12. Suppose -4*p + 13 = 5*b, -4*p + a*b = -3 - 3. Let s(x) = 2*x**3 - 2*x**2 - 3*x + 3. Determine s(p).
5
Let j(w) be the second derivative of -4*w**3/3 + w**2 - 20*w. What is j(4)?
-30
Let d = -17 - -23. Let l = -8 - -11. Suppose 0 = -f - l*b - d, -4*f - 4*b - 11 = 13. Let o(i) = 2*i. Calculate o(f).
-12
Let s(j) = 4*j**3 + 2*j + 2*j**2 + 4*j**3 + 2 - 1. Suppose 2*m = -3*m + 20, 3*m + 4 = 4*o. Suppose 0 = v - 1 - 2, -v = o*w + 1. What is s(w)?
-7
Let w(q) = -2*q + 8. Let o(m) = -m + 1. Let p(g) = 4*o(g) - w(g). Let n be p(1). Let s(i) = i**3 + 7*i**2 + 7*i + 3. Calculate s(n).
-3
Let g(f) = -10 - f**2 + 29*f - 49*f + 28*f. Determine g(7).
-3
Let s(z) be the third derivative of z**4/8 + 4*z**3/3 - 2*z**2 - 63*z. Calculate s(7).
29
Let i = -48 + 56. Let o(m) = 5*m - 5 - 31*m + 9*m + i*m - m**2. Determine o(-8).
3
Let t(l) be the third derivative of l**6/120 - 7*l**5/60 + 7*l**4/24 + 3*l**3/2 - 190*l**2. Calculate t(4).
-11
Let h(u) = 2*u**2 + 5*u + 6. Let l(f) = -3*f - 2*f**2 + 3 - f + 0 - 8. Let j(b) = 4*h(b) + 5*l(b). What is j(-1)?
-3
Let k = -306 + 317. Let f(j) = -j**2 + 12*j - 2. Determine f(k).
9
Suppose 6*d - z - 20 = d, 0 = -4*z - 20. Let q be (-17)/2 + d + (-15)/6. Let o(m) = -m**3 - 9*m**2 - 7*m + 9. Determine o(q).
1
Suppose 4*d = -0*d. Let f = 49 + -47. Let a(p) = p**2 - 11 + 0*p**f - 8 + 11. Give a(d).
-8
Let q(s) = 2*s - 3. Let b be q(3). Suppose -b*a + 26 = k + 9, k = 2. Let c(u) = 0*u**3 - a - 6*u + u**3 + u**2 - 6*u**2 + 14. Give c(6).
9
Let a(r) be the first derivative of r**4/12 - 3*r**3/2 + 9*r**2/2 - 2*r + 2. Let f(y) be the first derivative of a(y). What is f(6)?
-9
Let a(t) = -t - 11. Let m(n) = -218*n + 213. Let p be m(1). Determine a(p).
-6
Suppose 0 = 28*x - 30*x + 16. Let s(z) = z**2 - 6*z - 22. What is s(x)?
-6
Let p = -6 + 12. Let y(w) be the first derivative of w**2/2 - 11*w + 175. Determine y(p).
-5
Let t(w) = 1. Let i(g) = -3*g**3 - 6*g**2 + 1. Let d(r) = r**3 + r**2 - 1. Let k(x) = -2*d(x) - i(x). Let c(z) = -k(z) + 5*t(z). What is c(-3)?
-5
Let u(a) = -a**3 - 5*a**2 - 3*a + 2. Suppose 3*d = -5*g, 16*d = 11*d + 25. What is u(g)?
-7
Let d be 9*(33/44)/(81/48). Let n(m) = 6*m - 5. Give n(d).
19
Let y be (76/(-57))/(2/(-9)). Let c(z) be the second derivative of z**3/6 - z. Let u be c(y). Let n(q) = -q**2 + 8*q - 9. Calculate n(u).
3
Let t(w) = -3*w - 10. Let j(o) = 4*o + 11. Let s(d) = 2*j(d) + 3*t(d). Suppose -7*c = -8 + 57. Determine s(c).
-1
Let x(b) = -14*b**3 + 14*b**2 + 14*b + 19. Let j(p) = 5*p**3 - 4*p**2 - 4*p - 6. Let s(y) = -11*j(y) - 4*x(y). What is s(13)?
3
Let n(i) = i - 5. Let h(q) = q**3 - 8*q**2 - 2*q + 2. Suppose 24 + 16 = 5*t. Let a be h(t). Let d(k) = k**2 + 13*k - 8. Let z be d(a). Give n(z).
1
Let k(c) = 20*c**3 - 2*c**2 + 1. Let g(u) be the second derivative of -u**5/20 + 2*u**4/3 - 5*u**3/6 - 13*u**2/2 + 2*u. Let o be g(7). Determine k(o).
19
Let q(x) = -14*x + 13*x - 15 + 9. Determine q(0).
-6
Let j(z) be the second derivative of -z**3/6 - 3*z**2/2 + 125*z. What is j(-4)?
1
Let g(a) be the third derivative of -a**6/120 - 11*a**5/60 + a**4/12 + 7*a**3/3 + 38*a**2. Calculate g(-11).
-8
Let s(n) = n**2 - n - 3. Let y be s(3). Let d = 6 - y. Let k(f) = -4*f**2 - 8*f + 9. Let t(w) = -5*w**2 - 9*w + 10. Let l(g) = 6*k(g) - 5*t(g). Determine l(d).
4
Let y = -142 - -147. Let a(c) = 2*c**2 - 6*c - 4. What is a(y)?
16
Let o(d) = 2*d**2 - 2*d - 3. Let a = -437 - -435. What is o(a)?
9
Let k(a) = 13*a - 7*a - a**2 - 5*a. What is k(-3)?
-12
Let x(m) = 428*m - 214*m - m**2 - 2 - 215*m + 6. Give x(-6).
-26
Let i(m) = -2 - 4*m + 5*m - 5*m + 0*m. Suppose 7*x - 8*x + 4 = -3*r, 0 = 5*x + 3*r + 16. Calculate i(x).
6
Let m(w) = -w**3 + w. Let a(g) = -5*g**3 + 8*g**2 - 5*g + 2. Suppose 3*i - 14 + 2 = 0, 2*h - 3*i = -4. Let j(s) = h*m(s) - a(s). Calculate j(7).
12
Suppose 2*d + 19 = 7. Let i(w) = 3 + 12*w - 10*w - 4*w. Determine i(d).
15
Suppose -f - 215 = -219. Let y(p) = p + 1. Let c(w) = -w**2 - 7*w - 4. Let s(q) = f*y(q) - c(q). Determine s(-10).
-2
Let a(v) = -5*v**2 - 1. Let g = 7 + -10. Let z be (54/(-45))/(g/10). Suppose 0 = -x + 3*w - 10, -4*x + z*w = 4 + 12. Give a(x).
-6
Suppose -4*b - 12 = h + 3*h, -31 = 2*h - 3*b. Let n(u) = u - 7. Calculate n(h).
-15
Let f be -8 - -2 - -13 - 7. Let t(i) be the third derivative of 1/24*i**4 + 5/6*i**3 + 0 - 3*i**2 + f*i. Calculate t(-5).
0
Let v be 13/7 - (-6)/42. Suppose 36 + 1 = -5*x + v*h, -4 = -4*h. Let n(t) = t**3 + 7*t**2 + t - 10. Determine n(x).
-17
Let j be (-4)/(-18)*(-117)/(-52). Let z(p) be the first derivative of p + j*p**2 - 3. What is z(-3)?
-2
Let g(j) be the second derivative of -1/3*j**3 + 0 + j**2 - 12*j. Determine g(3).
-4
Let l = 49 - 47. Let s(p) = 2 + 17*p + p**l - 40*p + 21*p. Calculate s(2).
2
Let p(k) be the second derivative of -k**5/60 - 5*k**4/24 - 2*k**3/3 - 4*k**2 + 11*k. Let n(t) be the first derivative of p(t). Calculate n(-3).
2
Let f(w) be the second derivative of -w**3/3 + w**2 - 7*w + 7. Suppose 3*x + 6 - 30 = 0. Give f(x).
-14
Let w(h) be the third derivative of -h**4/8 - 4*h**3/3 - 73*h**2. Calculate w(-11).
25
Suppose 0 = -y + 4*j - 2, 5*y + 4*j - 15 = -25. Let p(h) = -2*h + 5. What is p(y)?
9
Let z(j) = -j**3 - j**2 + j - 1. Let i be ((-28)/20 - -1)/((-2)/20). Let l be (-3)/((-6)/i + 3). Give z(l).
1
Let d(q) = q**3 + 3*q**2 + q + 1. Let p = -31 - -36. Suppose 5*g = 2*k - 30, -g + 15 = p*k - 60. Suppose 5*c = -k - 0. What is d(c)?
-2
Let x(k) = k**2 + 3*k + 2. Let i(y) = -17 - 3*y + 15 + y**2 - 3*y**2. Let f(g) = 2*i(g) + 3*x(g). Determine f(-2).
-8
Let r(u) = 5*u**2 + 4*u - 3. Suppose 30*k + 0*k - 60 = 0. Give r(k).
